{"id":21311,"date":"2016-02-11T15:33:56","date_gmt":"2016-02-11T14:33:56","guid":{"rendered":"https:\/\/staging.phdmedia.com_\/germany\/privacy-policy\/"},"modified":"2023-07-03T16:42:51","modified_gmt":"2023-07-03T15:42:51","slug":"privacy-policy","status":"publish","type":"page","link":"https:\/\/www.phdmedia.com\/germany\/privacy-policy\/","title":{"rendered":"Terms &amp; Conditions (AGB)"},"content":{"rendered":"<h1><strong>Allgemeine Gesch\u00e4ftsbedingungen<\/strong><\/h1>\n<p><strong>Impressum<\/strong><\/p>\n<p><strong>OMNICOM Media Group Germany GmbH<\/strong><\/p>\n<p><strong>Gesch\u00e4ftsf\u00fchrung:<\/strong><br \/>\nPaul Remitz (CEO)<br \/>\nChristian Fourmont (CFO)<br \/>\nPeter Kuhlmann (COO)<br \/>\nFrank Ziegler (CIO)<br \/>\nSascha Jansen (CDO)<\/p>\n<p><strong>Verantwortlich f\u00fcr die Seiten i.S.d.P.:<\/strong><br \/>\nSonja Tabatabai (OMG), Fabian Prei\u00df (PHD)<\/p>\n<p><strong>Handelsregister:<\/strong>\u00a0D\u00fcsseldorf, HRB 34168<br \/>\n<strong>Ust-IdNr.:\u00a0<\/strong>DE 186.239.313<br \/>\n<strong>Anschrift:<\/strong>\u00a0Gr\u00fcnstra\u00dfe 15 40212 D\u00fcsseldorf<br \/>\n<strong>E-Mail:<\/strong>\u00a0<a href=\"mailto:presse@omnicommediagroup.com\">presse@omnicommediagroup.com<\/a><\/p>\n<p><strong>Telefon:<\/strong>\u00a00211 \u2013 388 07 \u2013 0<br \/>\n<strong>Telefax:\u00a0<\/strong>0211 \u2013 388 07 \u2013 432<\/p>\n<p>&nbsp;<\/p>\n<p><strong>PHD Germany GmbH<\/strong><\/p>\n<p><strong>Gesch\u00e4ftsf\u00fchrung:<\/strong><br \/>\nSabine Kn\u00f6pfel-Ruth (CEO)<br \/>\nJan Kr\u00f6ger (Managing Director)<br \/>\nSissy Pflaum-Griffiths (Managing Director)<br \/>\nLukas Pietrowski (Managing Director)<br \/>\nTobias Schichtel (Managing Director)<br \/>\nAndreas Schmitt (CCO)<br \/>\nStephan Winter (CSO)<\/p>\n<p><strong>Handelsregister:<\/strong> Frankfurt, HRB 16475<br \/>\n<strong>Ust-IdNr.: <\/strong>DE 114 134 553<br \/>\n<strong>Anschrift:<\/strong> Hanauer Landstra\u00dfe 182A , 60314 Frankfurt<br \/>\n<strong>E-Mail:<\/strong>\u00a0<a href=\"mailto:germany@phdmedia.com\">germany@phdmedia.com<\/a><\/p>\n<p><strong>Telefon:<\/strong> +49 (0) 69 962195 0<\/p>\n<p>&nbsp;<\/p>\n<p><strong>Hinweis<\/strong><br \/>\nAlle Rechte vorbehalten. Alle Daten innerhalb dieser Domain\/Site sind urheberrechtlich gesch\u00fctzt und d\u00fcrfen nicht ohne Zustimmung der Rechteinhaber verwendet werden. Links auf diese Site d\u00fcrfen nur auf die Startseite erfolgen, die Wiedergabe enthaltener Informationen \u2013 mit Ausnahme von Pressemitteilungen und darin bereitgestellter Daten\/Bilder \u2013 innerhalb anderer Sites oder Medien ist ohne vorherige ausdr\u00fcckliche Genehmigung nicht gestattet.<\/p>\n<p><strong>Haftungsausschluss<\/strong><br \/>\nDer Herausgeber \u00fcbernimmt keinerlei Gew\u00e4hr f\u00fcr die Aktualit\u00e4t, Korrektheit, Vollst\u00e4ndigkeit oder Qualit\u00e4t der bereitgestellten Informationen. Haftungsanspr\u00fcche gegen den Herausgeber, die sich auf Sch\u00e4den materieller oder ideeller Art beziehen, welche durch die Nutzung oder Nichtnutzung der dargebotenen Informationen bzw. durch die Nutzung fehlerhafter und unvollst\u00e4ndiger Informationen verursacht wurden sind grunds\u00e4tzlich ausgeschlossen, sofern seitens des Herausgebers kein nachweislich vors\u00e4tzliches oder grob fahrl\u00e4ssiges Verschulden vorliegt.<\/p>\n<p>&nbsp;<\/p>\n<p><strong>Datenschutzerkl\u00e4rung<\/strong><\/p>\n<p>Wir freuen uns \u00fcber Ihren Besuch auf unseren Webseiten. Nachfolgend m\u00f6chten wir Sie \u00fcber den Umgang mit Ihren Daten gem. Art. 13 Datenschutzgrundverordnung (DSGVO) informieren.<\/p>\n<p><strong>Verantwortlicher<\/strong><\/p>\n<p>Verantwortlich f\u00fcr die nachfolgend dargestellte Datenerhebung und Verarbeitung ist die im Impressum genannte Stelle.<\/p>\n<p><strong>Speicherung der IP-Adresse<\/strong><\/p>\n<p>Wir speichern die von Ihrem Webbrowser \u00fcbermittelte IP-Adresse streng zweckgebunden f\u00fcr die Dauer von sieben Tagen, in dem Interesse, Angriffe auf unsere Webseiten erkennen, eingrenzen und beseitigen zu k\u00f6nnen. Nach Ablauf dieser Zeitspanne l\u00f6schen bzw. anonymisieren wir die IP-Adresse. Rechtsgrundlage ist Art. 6 Abs. 1 lit. f) DSGVO.<\/p>\n<p><strong>Nutzungsdaten<\/strong><\/p>\n<p>Wenn Sie unsere Webseiten besuchen, werden auf unserem Webserver tempor\u00e4r sogenannte Nutzungsdaten zu statistischen Zwecken als Protokoll gespeichert, um die Qualit\u00e4t unserer Webseiten zu verbessern. Dieser Datensatz besteht aus<\/p>\n<ul>\n<li>der Seite, von der aus die Datei angefordert wurde,<\/li>\n<li>dem Namen der Datei,<\/li>\n<li>dem Datum und der Uhrzeit der Abfrage,<\/li>\n<li>der \u00fcbertragenen Datenmenge,dem<\/li>\n<li>dem Zugriffsstatus (Datei \u00fcbertragen, Datei nicht gefunden),<\/li>\n<li>der Beschreibung des Typs des verwendeten Webbrowsers,<\/li>\n<li>der IP-Adresse des anfragenden Rechners, die so verk\u00fcrzt wird, dass ein Personenbezug nicht mehr herstellbar ist.<\/li>\n<\/ul>\n<p>Die genannten Protokolldaten werden nur anonymisiert gespeichert.<\/p>\n<p><strong>Daten\u00fcbermittlung an Dritte<\/strong><\/p>\n<p>Wir \u00fcbermitteln Ihre Daten im Rahmen einer Auftragsverarbeitung gem. Art. 28 DSGVO an Dienstleister, die uns beim Betrieb unserer Webseiten und der damit zusammenh\u00e4ngenden Prozesse unterst\u00fctzen. Unsere Dienstleister sind uns gegen\u00fcber streng weisungsgebunden und entsprechend vertraglich verpflichtet. Folgende Dienstleister setzen wir ein: Davies Meyer GmbH<\/p>\n<p><strong>Cookies<\/strong><\/p>\n<p>Auf unseren Webseiten nutzen wir Cookies. Cookies sind kleine Textdateien, die auf Ihrem Endger\u00e4t gespeichert und ausgelesen werden k\u00f6nnen. Man unterscheidet zwischen Session-Cookies, die wieder gel\u00f6scht werden, sobald Sie ihren Browser schlie\u00dfen und permanenten Cookies, die \u00fcber die einzelne Sitzung hinaus gespeichert werden. Cookies k\u00f6nnen Daten enthalten, die eine Wiedererkennung des genutzten Ger\u00e4ts m\u00f6glich machen. Teilweise enthalten Cookies aber auch lediglich Informationen zu bestimmten Einstellungen, die nicht personenbeziehbar sind.<\/p>\n<p>Wir nutzen auf unseren Webseiten [Session-Cookies und permanente Cookies]. Die Verarbeitung erfolgt auf Grundlage von Art. 6 Abs. 1 lit. f) DSGVO und in dem Interesse die [Benutzerf\u00fchrung zu optimieren bzw. zu erm\u00f6glichen und die Darstellung unserer Webseite anzupassen].<\/p>\n<p>Sie k\u00f6nnen Ihren Browser so einstellen, dass er Sie \u00fcber die Platzierung von Cookies informiert. So wird der Gebrauch von Cookies f\u00fcr Sie transparent. Sie k\u00f6nnen Cookies zudem jederzeit \u00fcber die entsprechende Browsereinstellung l\u00f6schen und das Setzen neuer Cookies verhindern. Bitte beachten Sie, dass unsere Webseiten dann ggf. nicht optimal angezeigt werden und einige Funktionen technisch nicht mehr zur Verf\u00fcgung stehen.<\/p>\n<p><strong>Google Analytics<\/strong><\/p>\n<p>Zur bedarfsgerechten Gestaltung unserer Website erstellen wir pseudonyme Nutzungsprofile mit Hilfe von Google Analytics. Google Analytics verwendet Cookies, die auf Ihrem Endger\u00e4t gespeichert und von uns ausgelesen werden k\u00f6nnen. Auf diese Weise sind wir in der Lage, wiederkehrende Besucher zu erkennen und als solche zu z\u00e4hlen.\u00a0<strong>Google Analytics ist auf unseren Webseiten standardm\u00e4\u00dfig deaktiviert und wird erst aktiviert, wenn Sie uns Ihre Einwilligung in das Setzen von Tracking-Cookies gegeben haben.<\/strong>\u00a0Die Datenverarbeitung erfolgt gem. Art. 6 Abs. 1 lit. a) DSGVO auf der Grundlage Ihrer Einwilligung.<\/p>\n<p>Die durch das Cookie erzeugten Informationen \u00fcber Ihre Benutzung dieser Website werden in der Regel an einen Server von Google in den USA \u00fcbertragen und dort gespeichert. Da wir die IP-Anonymisierung auf dieser Webseite aktiviert haben, wird Ihre IP-Adresse von Google jedoch zuvor innerhalb von Mitgliedstaaten der Europ\u00e4ischen Union gek\u00fcrzt. Nur in Ausnahmef\u00e4llen wird die volle IP-Adresse an einen Server von Google in den USA (ein angemessenes Datenschutzniveau liegt nach Art. 45 Abs. 1 DSGVO durch Googles Teilnahme am Privacy Shield vor) \u00fcbertragen und erst dort gek\u00fcrzt. Wir haben mit Google Inc. (USA) zudem einen Vertrag zur Auftragsverarbeitung nach Art. 28 DSGVO geschlossen. Google wird alle Informationen demnach nur streng zweckgebunden nutzen, um die Nutzung unserer Website f\u00fcr uns auszuwerten und Reports \u00fcber die Websiteaktivit\u00e4ten zusammenzustellen.<\/p>\n<p><strong>Sie k\u00f6nnen Ihre Einwilligung jederzeit widerrufen. Bitte nutzen Sie hierf\u00fcr eine der folgenden M\u00f6glichkeiten:\u00a0<\/strong><\/p>\n<ol>\n<li>a) Sie k\u00f6nnen die Speicherung der Cookies durch eine entsprechende Einstellung Ihrer Browser-Software verhindern; wir weisen Sie jedoch darauf hin, dass Sie in diesem Fall gegebenenfalls nicht s\u00e4mtliche Funktionen dieser Website vollumf\u00e4nglich werden nutzen k\u00f6nnen.<\/li>\n<li>b) Sie k\u00f6nnen dar\u00fcber hinaus die Erfassung der durch das Cookie erzeugten und auf Ihre Nutzung der Website bezogenen Daten (inkl. Ihrer IP-Adresse) an Google sowie die Verarbeitung dieser Daten durch Google verhindern, indem sie das unter dem folgenden Link (<a href=\"http:\/\/tools.google.com\/dlpage\/gaoptout?hl=de\">http:\/\/tools.google.com\/dlpage\/gaoptout?hl=de<\/a>) verf\u00fcgbare Browser-Plugin herunterladen und installieren.<\/li>\n<li>c) Eine Erfassung durch Google Analytics k\u00f6nnen Sie zus\u00e4tzlich verhindern, indem Sie auf folgenden Link klicken. Es wird ein Opt-Out-Cookie gesetzt, der die zuk\u00fcnftige Erfassung Ihrer Daten beim Besuch dieser Website dauerhaft verhindert:<\/li>\n<\/ol>\n<p><a href=\"https:\/\/www.omnicommediagroup.de\/\"><strong>Klicken Sie hier, um Ihre Einwilligung f\u00fcr den Einsatz von Google Analytics zu widerrufen.<\/strong><\/a><\/p>\n<p><strong>Erl\u00e4uterungen der Sicherheitsma\u00dfnahmen<\/strong><\/p>\n<p>Datensicherheit<\/p>\n<p>Um Ihre Daten vor unerw\u00fcnschten Zugriffen m\u00f6glichst umfassend zu sch\u00fctzen, treffen wir technische und organisatorische Ma\u00dfnahmen. Wir setzen auf unseren Seiten ein Verschl\u00fcsselungsverfahren ein. Ihre Angaben werden von Ihrem Rechner zu unserem Server und umgekehrt \u00fcber das Internet mittels einer TLS-Verschl\u00fcsselung \u00fcbertragen. Sie erkennen dies daran, dass in der Statusleiste Ihres Browsers das Schloss-Symbol geschlossen ist und die Adresszeile mit https:\/\/ beginnt.<\/p>\n<p><strong>Rechte des Nutzers<\/strong><\/p>\n<p>Ihre Rechte als Nutzer<\/p>\n<p>Bei Verarbeitung Ihrer personenbezogenen Daten gew\u00e4hrt die DSGVO Ihnen als Webseitennutzer bestimmte Rechte:<\/p>\n<ol>\n<li>Auskunftsrecht (Art. 15 DSGVO):<\/li>\n<\/ol>\n<p>Sie haben das Recht eine Best\u00e4tigung dar\u00fcber zu verlangen, ob sie betreffende personenbezogene Daten verarbeitet werden; ist dies der Fall, so haben Sie ein Recht auf Auskunft \u00fcber diese personenbezogenen Daten und auf die in Art. 15 DSGVO im einzelnen aufgef\u00fchrten Informationen.<\/p>\n<ol start=\"2\">\n<li>Recht auf Berichtigung und L\u00f6schung (Art. 16 und 17 DSGVO):<\/li>\n<\/ol>\n<p>Sie haben das Recht, unverz\u00fcglich die Berichtigung sie betreffender unrichtiger personenbezogener Daten und ggf. die Vervollst\u00e4ndigung unvollst\u00e4ndiger personenbezogener Daten zu verlangen.<\/p>\n<p>Sie haben zudem das Recht, zu verlangen, dass sie betreffende personenbezogene Daten unverz\u00fcglich gel\u00f6scht werden, sofern einer der in Art. 17 DSGVO im einzelnen aufgef\u00fchrten Gr\u00fcnde zutrifft, z. B. wenn die Daten f\u00fcr die verfolgten Zwecke nicht mehr ben\u00f6tigt werden.<\/p>\n<ol start=\"3\">\n<li>Recht auf Einschr\u00e4nkung der Verarbeitung (Art. 18 DSGVO):<\/li>\n<\/ol>\n<p>Sie haben das Recht, die Einschr\u00e4nkung der Verarbeitung zu verlangen, wenn eine der in Art. 18 DSGVO aufgef\u00fchrten Voraussetzungen gegeben ist, z. B. wenn Sie Widerspruch gegen die Verarbeitung eingelegt haben, f\u00fcr die Dauer einer etwaigen Pr\u00fcfung.<\/p>\n<ol start=\"4\">\n<li>Recht auf Daten\u00fcbertragbarkeit (Art. 20 DSGVO):<\/li>\n<\/ol>\n<p>In bestimmten F\u00e4llen, die in Art. 20 DSGVO im Einzelnen aufgef\u00fchrt werden, haben Sie das Recht, die sie betreffenden personenbezogenen Daten in einem strukturierten, g\u00e4ngigen und maschinenlesbaren Format zu erhalten bzw. die \u00dcbermittlung dieser Daten an einen Dritten zu verlangen.<\/p>\n<ol start=\"5\">\n<li>Widerspruchsrecht (Art. 21 DSGVO):<\/li>\n<\/ol>\n<p>Werden Daten auf Grundlage von Art. 6 Abs. 1 lit. f) erhoben (Datenverarbeitung zur Wahrung berechtigter Interessen), steht Ihnen das Recht zu, aus Gr\u00fcnden, die sich aus Ihrer besonderen Situation ergeben, jederzeit gegen die Verarbeitung Widerspruch einzulegen. Wir verarbeiten die personenbezogenen Daten dann nicht mehr, es sei denn, es liegen nachweisbar zwingende schutzw\u00fcrdige Gr\u00fcnde f\u00fcr die Verarbeitung vor, die die Interessen, Rechte und Freiheiten der betroffenen Person \u00fcberwiegen, oder die Verarbeitung dient der Geltendmachung, Aus\u00fcbung oder Verteidigung von Rechtsanspr\u00fcchen.<\/p>\n<p><strong>Beschwerderecht bei einer Aufsichtsbeh\u00f6rde<\/strong><\/p>\n<p>Sie haben gem. Art. 77 DSGVO das Recht auf Beschwerde bei einer Aufsichtsbeh\u00f6rde, wenn Sie der Ansicht sind, dass die Verarbeitung der Sie betreffenden Daten gegen datenschutzrechtliche Bestimmungen verst\u00f6\u00dft. Das Beschwerderecht kann insbesondere bei einer Aufsichtsbeh\u00f6rde in dem Mitgliedstaat Ihres Aufenthaltsorts, Ihres Arbeitsplatzes oder des Orts des mutma\u00dflichen Versto\u00dfes geltend gemacht werden.<\/p>\n<p><strong>Kontaktdaten Datenschutzbeauftragter<\/strong><\/p>\n<p>Unser betrieblicher Datenschutzbeauftragter steht Ihnen gerne f\u00fcr Ausk\u00fcnfte oder Anregungen zum Thema Datenschutz zur Verf\u00fcgung:<\/p>\n<p>Dr. Uwe Schl\u00e4ger<br \/>\ndatenschutz nord GmbH<br \/>\nWeb:\u00a0<a href=\"https:\/\/www.omnicommediagroup.de\/www.datenschutz-nord-gruppe.de\">www.datenschutz-nord-gruppe.de<\/a><br \/>\nE-Mail:\u00a0office(at)datenschutz-nord.de<br \/>\nTelefon: 0421 69 66 32 0<\/p>\n<p><strong>Unternehmensseiten soziale Netzwerke<\/strong><\/p>\n<p>Wir betreiben unter den URLs\u00a0<a href=\"https:\/\/www.xing.com\/pages\/phdgermany\">https:\/\/www.xing.com\/pages\/phdgermany<\/a>,\u00a0<a href=\"https:\/\/www.facebook.com\/PHDMediaGermany\">https:\/\/www.facebook.com\/PHDMediaGermany<\/a>,\u00a0<a href=\"https:\/\/twitter.com\/phdGermany\">https:\/\/twitter.com\/phdGermany<\/a>,\u00a0<a href=\"https:\/\/www.linkedin.com\/company\/phdgermany\/mycompany\/?viewAsMember=true\">https:\/\/www.linkedin.com\/company\/omd-germany\/\u00a0<\/a>und\u00a0<a href=\"https:\/\/www.instagram.com\/phd_germany\/\">https:\/\/www.instagram.com\/phd_germany\/<\/a>\u00a0offizielle Unternehmens-Seiten auf Grundlage von Art. 6 Abs. 1 lit. f) DSGVO. Wir erheben, speichern oder verarbeiten zu keiner Zeit personenbezogene Daten unserer Nutzer auf diesen Seiten. Weiterhin werden keine sonstigen Datenverarbeitungen von uns vorgenommen oder initiiert.<\/p>\n<p>&nbsp;<\/p>\n<p><strong>Allgemeine Gesch\u00e4ftsbedingungen<\/strong><\/p>\n<p>Diese Website ist ein Online-Informations- und Kommunikationsdienst der Omnicom Media Group und ihrer verbundenen Unternehmen (\u201eOMG\u201c). Bitte lesen Sie diese Nutzungsbedingungen sorgf\u00e4ltig durch, bevor Sie diese Website nutzen. Durch die Nutzung dieser Website erkl\u00e4ren Sie sich mit diesen Nutzungsbedingungen einverstanden. Wenn Sie mit einer der folgenden Nutzungsbedingungen nicht einverstanden sind, d\u00fcrfen Sie diese Website nicht nutzen. OMG beh\u00e4lt sich das Recht vor, diese Nutzungsbedingungen nach eigenem Ermessen jederzeit zu \u00e4ndern, zu erg\u00e4nzen oder anderweitig zu aktualisieren. Solche \u00c4nderungen treten unmittelbar mit der Ver\u00f6ffentlichung der ge\u00e4nderten Nutzungsbedingungen in Kraft. Durch die Nutzung dieses Dienstes, nachdem wir \u00fcber solche \u00c4nderungen, Erg\u00e4nzungen oder Aktualisierungen informiert haben, erkl\u00e4ren Sie sich damit einverstanden, an die ge\u00e4nderten Bedingungen gebunden zu sein. Diese Nutzungsbedingungen wurden zuletzt am 28. August 2006 aktualisiert. OMG beh\u00e4lt sich das Recht vor, den Zugang f\u00fcr beliebige Personen nach eigenem Ermessen aus beliebigem Grund zu verweigern, einschlie\u00dflich bei Verletzung einer dieser Nutzungsbedingungen. Diese Website enth\u00e4lt Links zu vielen anderen Websites, die mit OMG verbunden sind und deren Nutzungsbedingungen sich von den hierin genannten unterscheiden oder diese erg\u00e4nzen k\u00f6nnen, insbesondere im Falle von Websites, die Inhalte von Dritten hosten oder die Beitr\u00e4ge von Dritten erm\u00f6glichen. Durch den Zugriff auf solche Websites \u00fcber Links, die auf dieser Website bereitgestellt werden, erkl\u00e4ren Sie sich damit einverstanden, die jeweils geltenden Nutzungsbedingungen wie darin beschrieben einzuhalten.<\/p>\n<p>&nbsp;<\/p>\n<p><strong>Marken, Urheberrechte und Einschr\u00e4nkungen<\/strong><\/p>\n<p>Diese Website wird von der Omnicom Media Group in 195 Broadway, New York, NY 10007, kontrolliert und betrieben. Alle Materialien auf dieser Website, einschlie\u00dflich, aber nicht beschr\u00e4nkt auf Bilder, Illustrationen, Audioclips und Videoclips, sind durch Urheberrechte, Handelsmarken und andere Rechte an geistigem Eigentum gesch\u00fctzt, die im Besitz von OMG, ihren verbundenen Unternehmen oder von anderen Parteien sind, die ihr Material an OMG lizenziert haben. Das Material auf OmnicomMediaGroup.com oder einer anderen Website, die sich im Besitz von OMG befindet, von OMG betrieben, lizenziert oder kontrolliert wird, ist ausschlie\u00dflich f\u00fcr Ihren pers\u00f6nlichen, nicht gewerblichen Gebrauch bestimmt. Dieses Material darf ohne die ausdr\u00fcckliche vorherige schriftliche Zustimmung von OMG nicht kopiert, reproduziert, neu ver\u00f6ffentlicht, modifiziert, hochgeladen, gepostet, \u00fcbertragen oder in irgendeiner Weise verteilt werden, einschlie\u00dflich per E-Mail oder auf andere elektronische Weise. Die Verwendung der Materialien auf einer anderen Website oder vernetzten Computerumgebung bzw. die Verwendung der Materialien f\u00fcr andere Zwecke als f\u00fcr die pers\u00f6nliche, nicht-kommerzielle Nutzung stellt eine Verletzung der Urheberrechte, Markenrechte und sonstigen Eigentumsrechte von OMG dar und ist verboten.<\/p>\n<p>&nbsp;<\/p>\n<p><strong>Einreichungen<\/strong><\/p>\n<p>Es ist die Politik der OMG, dass wir keine Einreichungen von Konzepten, Werbeideen oder potenziellen Inhalten akzeptieren oder in Betracht ziehen. Bitte senden Sie daher keine unaufgeforderten Einsendungen an OmnicomMediaGroup.com. Alle von Ihnen gesendeten Materialien werden nicht vertraulich behandelt.<\/p>\n<p>&nbsp;<\/p>\n<p><strong>Links<\/strong><\/p>\n<p>Diese Website kann Links zu anderen Websites (\u201everlinkte Websites\u201c) enthalten. Die verlinkten Seiten dienen nur zu Ihrer Bequemlichkeit. Sie greifen auf Ihr eigenes Risiko darauf zu. OMG ist nicht verantwortlich f\u00fcr den Inhalt der verlinkten Seiten und unterst\u00fctzt diese nicht, unabh\u00e4ngig davon, ob OMG mit den Sponsoren einer Seite verbunden ist oder nicht. Besucher einer verlinkten Website werden angehalten, sich an die Nutzungsbedingungen und Datenschutzrichtlinien dieser verlinkten Website zu halten.<br \/>\nSie sind nicht berechtigt, einen Hypertext-Link zu dieser Website einzurichten oder Links anzubieten, die eine Unterst\u00fctzung oder Billigung Ihrer Website durch OMG darstellen oder implizieren. Sie d\u00fcrfen auf Ihrer Website keine Marken, Dienstleistungsmarken oder Materialien verwenden, die auf der OMG-Website erscheinen, einschlie\u00dflich, aber nicht beschr\u00e4nkt auf, Logos, ohne die ausdr\u00fcckliche schriftliche Zustimmung des Inhabers der Marke oder des Rechts.<\/p>\n<p>&nbsp;<\/p>\n<p><strong>Gew\u00e4hrleistungsausschluss und Haftung<\/strong><\/p>\n<p>Die Materialien auf der Internetseite der Omnicom Media Group (im Weiteren: OMG) werden \u201ewie besehen\u201c und ohne jegliche ausdr\u00fcckliche oder stillschweigende Garantien bereitgestellt. OMG lehnt alle ausdr\u00fccklichen oder stillschweigenden Gew\u00e4hrleistungen ab, einschlie\u00dflich, aber nicht beschr\u00e4nkt auf stillschweigende Gew\u00e4hrleistungen der marktg\u00e4ngigen Qualit\u00e4t und Eignung f\u00fcr einen bestimmten Zweck, mit Ausnahme derjenigen Gew\u00e4hrleistungen, die nach den auf diese Vereinbarung anwendbaren Gesetzen gesetzlich stillschweigend sind und nicht zum Ausschluss, zur Einschr\u00e4nkung oder \u00c4nderung geeignet sind.<\/p>\n<p>Weder OMG noch seine verbundenen Unternehmen oder Personen, die an der Erstellung, Herstellung und Verteilung der Internetseite von OMG beteiligt sind, garantieren, dass die in den Materialien enthaltenen Funktionen ununterbrochen oder fehlerfrei sind, dass Fehler behoben werden oder dass OMG oder der Server, der sie zur Verf\u00fcgung stellt, frei von Viren oder anderen sch\u00e4dlichen Komponenten sind. Das Material, das Sie auf der Internetseite von OMG lesen, wird zu informationszwecken zur Verf\u00fcgung gestellt. OMG garantiert oder gibt keine Zusicherungen bez\u00fcglich der Verwendung oder der Ergebnisse der Verwendung der Materialien auf der Internet Seite von OMG in Bezug auf ihre Richtigkeit, Genauigkeit, Zuverl\u00e4ssigkeit oder anderweitig.<\/p>\n<p>Sie stimmen ausdr\u00fccklich zu, dass die Nutzung der OMG-Site auf ihr eigenes Risiko erfolgt. Sie stimmen ausdr\u00fccklich zu, dass weder OMG noch seine verbundenen oder verwandten Unternehmen noch ihre jeweiligen Mitarbeiter oder Vertreter noch eine Person oder Unternehmen, die an der Erstellung, Produktion und dem Vertrieb der Internetseite von OMG beteiligt sind, gegen\u00fcber einer Person oder unternehmen verantwortlich oder haftbar sind f\u00fcr jegliche Verluste, Sch\u00e4den (ob tats\u00e4chlich, folgerichtig, strafend oder anderweitig), Verletzungen, Anspr\u00fcche, haftungsf\u00e4lle oder andere Ursachen jeglicher Art oder weise, die auf der Nutzung oder dem Missbrauch dieser Internetseite oder einer anderen Internetseite von OMG beruhen oder daraus resultieren.<\/p>\n<p>Beispielhaft und ohne die Allgemeing\u00fcltigkeit des Vorstehenden einzuschr\u00e4nken, sind OMG und zugeh\u00f6rige Personen und Unternehmen nicht verantwortlich oder haftbar f\u00fcr Anspr\u00fcche oder Sch\u00e4den, die sich aus dem Ausfall der Leistung, aus Fehlern, Auslassungen, Unterbrechungen, L\u00f6schungen, Defekten, Verz\u00f6gerungen des Betriebs, Computerviren, Diebstahl, Zerst\u00f6rung, unbefugtem Zugriff auf oder \u00c4nderung von personenbezogenen Daten oder die Abh\u00e4ngigkeit von Daten, Informationen, Meinungen oder anderen Materialien ergeben, die auf dieser Website erscheinen.<\/p>\n<p>Sie (und nicht OMG) \u00fcbernehmen die gesamten Kosten und die Verantwortung f\u00fcr alle notwendigen Wartungs-, Reparatur- oder Korrekturarbeiten, die sich aus ihrer Nutzung dieser Website ergeben. Dar\u00fcber hinaus erkennen Sie ausdr\u00fccklich an und stimmen zu, dass OMG nicht haftbar oder verantwortlich f\u00fcr ein diffamierendes, beleidigendes oder illegales verhalten anderer Abonnenten oder Dritter ist.<\/p>\n<p>&nbsp;<\/p>\n<p><strong>Schadenersatz<\/strong><\/p>\n<p>Sie erkl\u00e4ren sich damit einverstanden, OMG, ihre Tochtergesellschaften und alle anderen verbundenen Unternehmen, ihre leitenden Angestellten, Direktoren, Mitarbeiter, Vertreter, Lizenzgeber, Lieferanten und alle Drittanbieter von Informationen an den Service von und gegen alle Verluste, Ausgaben, Sch\u00e4den und Kosten, einschlie\u00dflich angemessener Anwaltskosten, die sich aus einem Versto\u00df gegen diese Nutzungsbedingungen ergeben, freizustellen, zu verteidigen und schadlos zu halten.<\/p>\n<p>&nbsp;<\/p>\n<p><strong>Zust\u00e4ndigkeitsfragen<\/strong><\/p>\n<p>Sofern nicht anders angegeben, werden die Materialien auf der OMG-Website ausschlie\u00dflich zu Ihrer Information pr\u00e4sentiert. Diese Bedingungen unterliegen den Gesetzen des Staates New York, USA, wie sie f\u00fcr Vereinbarungen gelten, die vollst\u00e4ndig in diesem Staat abgeschlossen und durchgef\u00fchrt werden. Jede Klage, die Sie, ein Dritter oder OMG zur Durchsetzung dieser Vereinbarung oder, im Zusammenhang mit dieser Website, einreichen, darf nur vor den staatlichen oder bundesstaatlichen Gerichten mit Sitz in New York County, New York, USA, erhoben werden, und Sie stimmen ausdr\u00fccklich der Zust\u00e4ndigkeit dieser Gerichte zu. Wenn eine Bestimmung dieser Vereinbarung rechtswidrig, ung\u00fcltig oder aus irgendeinem Grund nicht durchsetzbar ist, dann gilt diese Bestimmung als von dieser Vereinbarung trennbar und ber\u00fchrt nicht die G\u00fcltigkeit und Durchsetzbarkeit der \u00fcbrigen Bestimmungen. Dies stellt die gesamte Vereinbarung zwischen den Parteien in Bezug auf die hierin enthaltenen Angelegenheiten dar und darf nur schriftlich, unterzeichnet von OMG, ge\u00e4ndert werden.<\/p>\n<p>&nbsp;<\/p>\n<p><strong>Allgemeine Gesch\u00e4ftsbedingungen (PDF\/Download):<\/strong><\/p>\n<p><a href=\"https:\/\/www.omnicommediagroup.de\/fileadmin\/pdf\/OmnicomMediaGroupGermany_AGB_2021.pdf\">AGB Omnicom Media Group Germany<\/a><\/p>\n","protected":false},"excerpt":{"rendered":"<p>Allgemeine Gesch\u00e4ftsbedingungen Impressum OMNICOM Media Group Germany GmbH Gesch\u00e4ftsf\u00fchrung: Paul Remitz (CEO) Christian Fourmont (CFO) Peter Kuhlmann (COO) Frank Ziegler (CIO) Sascha Jansen (CDO) Verantwortlich f\u00fcr die Seiten i.S.d.P.: Sonja Tabatabai (OMG), Fabian Prei\u00df (PHD) Handelsregister:\u00a0D\u00fcsseldorf, HRB 34168 Ust-IdNr.:\u00a0DE 186.239.313 Anschrift:\u00a0Gr\u00fcnstra\u00dfe 15 40212 D\u00fcsseldorf E-Mail:\u00a0presse@omnicommediagroup.com Telefon:\u00a00211 \u2013 388 07 \u2013 0 Telefax:\u00a00211 \u2013 388 07 [&hellip;]<\/p>\n","protected":false},"author":1,"featured_media":0,"parent":0,"menu_order":91,"comment_status":"closed","ping_status":"closed","template":"","meta":{"_acf_changed":false,"inline_featured_image":false,"footnotes":""},"class_list":["post-21311","page","type-page","status-publish","hentry"],"acf":[],"_links":{"self":[{"href":"https:\/\/www.phdmedia.com\/germany\/wp-json\/wp\/v2\/pages\/21311","targetHints":{"allow":["GET"]}}],"collection":[{"href":"https:\/\/www.phdmedia.com\/germany\/wp-json\/wp\/v2\/pages"}],"about":[{"href":"https:\/\/www.phdmedia.com\/germany\/wp-json\/wp\/v2\/types\/page"}],"author":[{"embeddable":true,"href":"https:\/\/www.phdmedia.com\/germany\/wp-json\/wp\/v2\/users\/1"}],"replies":[{"embeddable":true,"href":"https:\/\/www.phdmedia.com\/germany\/wp-json\/wp\/v2\/comments?post=21311"}],"version-history":[{"count":0,"href":"https:\/\/www.phdmedia.com\/germany\/wp-json\/wp\/v2\/pages\/21311\/revisions"}],"wp:attachment":[{"href":"https:\/\/www.phdmedia.com\/germany\/wp-json\/wp\/v2\/media?parent=21311"}],"curies":[{"name":"wp","href":"https:\/\/api.w.org\/{rel}","templated":true}]}}