{"id":921,"date":"2016-04-04T12:13:42","date_gmt":"2016-04-04T11:13:42","guid":{"rendered":"https:\/\/staging.phdmedia.com_\/serbia\/home\/"},"modified":"2023-12-12T14:47:33","modified_gmt":"2023-12-12T14:47:33","slug":"home","status":"publish","type":"page","link":"https:\/\/www.phdmedia.com\/serbia\/home\/?lang=fr","title":{"rendered":"Home"},"content":{"rendered":"","protected":false},"excerpt":{"rendered":"","protected":false},"author":1,"featured_media":0,"parent":0,"menu_order":80,"comment_status":"closed","ping_status":"closed","template":"","meta":{"_acf_changed":false,"inline_featured_image":false,"footnotes":""},"class_list":["post-921","page","type-page","status-publish","hentry"],"acf":[],"yoast_head":"<!-- This site is optimized with the Yoast SEO plugin v27.3 - https:\/\/yoast.com\/product\/yoast-seo-wordpress\/ -->\n<title>Home - PHD Media Serbia<\/title>\n<meta name=\"description\" content=\"Bienvenue chez PHD, l&#039;agence mondiale de communication m\u00e9dia et marketing. Nous utilisons le pouvoir de l\u2019imagination pour g\u00e9n\u00e9rer une croissance disproportionn\u00e9e pour les marques.\" \/>\n<meta name=\"robots\" content=\"index, follow, max-snippet:-1, max-image-preview:large, max-video-preview:-1\" \/>\n<link rel=\"canonical\" href=\"https:\/\/www.phdmedia.com\/serbia\/home\/\" \/>\n<meta property=\"og:locale\" content=\"en_US\" \/>\n<meta property=\"og:type\" content=\"article\" \/>\n<meta property=\"og:title\" content=\"Home - PHD Media Serbia\" \/>\n<meta property=\"og:description\" content=\"Bienvenue chez PHD, l&#039;agence mondiale de communication m\u00e9dia et marketing. Nous utilisons le pouvoir de l\u2019imagination pour g\u00e9n\u00e9rer une croissance disproportionn\u00e9e pour les marques.\" \/>\n<meta property=\"og:url\" content=\"https:\/\/www.phdmedia.com\/serbia\/home\/?lang=fr\" \/>\n<meta property=\"og:site_name\" content=\"PHD Media Serbia\" \/>\n<meta property=\"article:modified_time\" content=\"2023-12-12T14:47:33+00:00\" \/>\n<meta name=\"twitter:card\" content=\"summary_large_image\" \/>\n<script type=\"application\/ld+json\" class=\"yoast-schema-graph\">{\"@context\":\"https:\\\/\\\/schema.org\",\"@graph\":[{\"@type\":\"WebPage\",\"@id\":\"https:\\\/\\\/www.phdmedia.com\\\/serbia\\\/home\\\/?lang=fr\",\"url\":\"https:\\\/\\\/www.phdmedia.com\\\/serbia\\\/home\\\/?lang=fr\",\"name\":\"Home - PHD Media Serbia\",\"isPartOf\":{\"@id\":\"https:\\\/\\\/www.phdmedia.com\\\/serbia\\\/#website\"},\"datePublished\":\"2016-04-04T11:13:42+00:00\",\"dateModified\":\"2023-12-12T14:47:33+00:00\",\"description\":\"Bienvenue chez PHD, l'agence mondiale de communication m\u00e9dia et marketing. Nous utilisons le pouvoir de l\u2019imagination pour g\u00e9n\u00e9rer une croissance disproportionn\u00e9e pour les marques.\",\"breadcrumb\":{\"@id\":\"https:\\\/\\\/www.phdmedia.com\\\/serbia\\\/home\\\/?lang=fr#breadcrumb\"},\"inLanguage\":\"en-US\",\"potentialAction\":[{\"@type\":\"ReadAction\",\"target\":[\"https:\\\/\\\/www.phdmedia.com\\\/serbia\\\/home\\\/?lang=fr\"]}]},{\"@type\":\"BreadcrumbList\",\"@id\":\"https:\\\/\\\/www.phdmedia.com\\\/serbia\\\/home\\\/?lang=fr#breadcrumb\",\"itemListElement\":[{\"@type\":\"ListItem\",\"position\":1,\"name\":\"PHD Media Serbia\",\"item\":\"https:\\\/\\\/www.phdmedia.com\\\/serbia\\\/\"},{\"@type\":\"ListItem\",\"position\":2,\"name\":\"Home\"}]},{\"@type\":\"WebSite\",\"@id\":\"https:\\\/\\\/www.phdmedia.com\\\/serbia\\\/#website\",\"url\":\"https:\\\/\\\/www.phdmedia.com\\\/serbia\\\/\",\"name\":\"PHD Media Serbia\",\"description\":\"Just another PHD Worldwide Sites site\",\"potentialAction\":[{\"@type\":\"SearchAction\",\"target\":{\"@type\":\"EntryPoint\",\"urlTemplate\":\"https:\\\/\\\/www.phdmedia.com\\\/serbia\\\/?s={search_term_string}\"},\"query-input\":{\"@type\":\"PropertyValueSpecification\",\"valueRequired\":true,\"valueName\":\"search_term_string\"}}],\"inLanguage\":\"en-US\"}]}<\/script>\n<!-- \/ Yoast SEO plugin. -->","yoast_head_json":{"title":"Home - PHD Media Serbia","description":"Bienvenue chez PHD, l'agence mondiale de communication m\u00e9dia et marketing. Nous utilisons le pouvoir de l\u2019imagination pour g\u00e9n\u00e9rer une croissance disproportionn\u00e9e pour les marques.","robots":{"index":"index","follow":"follow","max-snippet":"max-snippet:-1","max-image-preview":"max-image-preview:large","max-video-preview":"max-video-preview:-1"},"canonical":"https:\/\/www.phdmedia.com\/serbia\/home\/","og_locale":"en_US","og_type":"article","og_title":"Home - PHD Media Serbia","og_description":"Bienvenue chez PHD, l'agence mondiale de communication m\u00e9dia et marketing. Nous utilisons le pouvoir de l\u2019imagination pour g\u00e9n\u00e9rer une croissance disproportionn\u00e9e pour les marques.","og_url":"https:\/\/www.phdmedia.com\/serbia\/home\/?lang=fr","og_site_name":"PHD Media Serbia","article_modified_time":"2023-12-12T14:47:33+00:00","twitter_card":"summary_large_image","schema":{"@context":"https:\/\/schema.org","@graph":[{"@type":"WebPage","@id":"https:\/\/www.phdmedia.com\/serbia\/home\/?lang=fr","url":"https:\/\/www.phdmedia.com\/serbia\/home\/?lang=fr","name":"Home - PHD Media Serbia","isPartOf":{"@id":"https:\/\/www.phdmedia.com\/serbia\/#website"},"datePublished":"2016-04-04T11:13:42+00:00","dateModified":"2023-12-12T14:47:33+00:00","description":"Bienvenue chez PHD, l'agence mondiale de communication m\u00e9dia et marketing. Nous utilisons le pouvoir de l\u2019imagination pour g\u00e9n\u00e9rer une croissance disproportionn\u00e9e pour les marques.","breadcrumb":{"@id":"https:\/\/www.phdmedia.com\/serbia\/home\/?lang=fr#breadcrumb"},"inLanguage":"en-US","potentialAction":[{"@type":"ReadAction","target":["https:\/\/www.phdmedia.com\/serbia\/home\/?lang=fr"]}]},{"@type":"BreadcrumbList","@id":"https:\/\/www.phdmedia.com\/serbia\/home\/?lang=fr#breadcrumb","itemListElement":[{"@type":"ListItem","position":1,"name":"PHD Media Serbia","item":"https:\/\/www.phdmedia.com\/serbia\/"},{"@type":"ListItem","position":2,"name":"Home"}]},{"@type":"WebSite","@id":"https:\/\/www.phdmedia.com\/serbia\/#website","url":"https:\/\/www.phdmedia.com\/serbia\/","name":"PHD Media Serbia","description":"Just another PHD Worldwide Sites site","potentialAction":[{"@type":"SearchAction","target":{"@type":"EntryPoint","urlTemplate":"https:\/\/www.phdmedia.com\/serbia\/?s={search_term_string}"},"query-input":{"@type":"PropertyValueSpecification","valueRequired":true,"valueName":"search_term_string"}}],"inLanguage":"en-US"}]}},"_links":{"self":[{"href":"https:\/\/www.phdmedia.com\/serbia\/wp-json\/wp\/v2\/pages\/921","targetHints":{"allow":["GET"]}}],"collection":[{"href":"https:\/\/www.phdmedia.com\/serbia\/wp-json\/wp\/v2\/pages"}],"about":[{"href":"https:\/\/www.phdmedia.com\/serbia\/wp-json\/wp\/v2\/types\/page"}],"author":[{"embeddable":true,"href":"https:\/\/www.phdmedia.com\/serbia\/wp-json\/wp\/v2\/users\/1"}],"replies":[{"embeddable":true,"href":"https:\/\/www.phdmedia.com\/serbia\/wp-json\/wp\/v2\/comments?post=921"}],"version-history":[{"count":0,"href":"https:\/\/www.phdmedia.com\/serbia\/wp-json\/wp\/v2\/pages\/921\/revisions"}],"wp:attachment":[{"href":"https:\/\/www.phdmedia.com\/serbia\/wp-json\/wp\/v2\/media?parent=921"}],"curies":[{"name":"wp","href":"https:\/\/api.w.org\/{rel}","templated":true}]}}