{"id":26995,"date":"2016-04-04T12:13:42","date_gmt":"2016-04-04T10:13:42","guid":{"rendered":"https:\/\/staging.phdmedia.com_\/spain\/phd-media-medienagentur\/"},"modified":"2023-12-18T15:43:07","modified_gmt":"2023-12-18T14:43:07","slug":"phd-media-medienagentur","status":"publish","type":"page","link":"https:\/\/www.phdmedia.com\/spain\/phd-media-medienagentur\/?lang=de","title":{"rendered":"PHD Media, Medienagentur"},"content":{"rendered":"<h6><strong>PHD Media ist eine Medienagentur der Omnicom Media Group.<\/strong><\/h6>\n<p>1990 in London gegr\u00fcndet. PHD Media wurde als herausfordernde Medienagentur <em>geboren<\/em>, die den Grundstein f\u00fcr die sogenannten \u201ekreativen Medien\u201c legte. Heute sind wir ein weltweit f\u00fchrendes Unternehmen mit mehr als 6.500 Mitarbeitern weltweit und 100 Niederlassungen in 74 L\u00e4ndern.<\/p>\n<p>Unsere Kultur basiert auf strategischer F\u00fchrung, Kreativit\u00e4t und Innovation. Dies hat uns dabei geholfen, Kampagnen mit echten Auswirkungen auf die Gesch\u00e4ftsergebnisse zu erstellen und unsere Kunden von ihren Mitbewerbern abzuheben.<\/p>\n<p>Aus diesem Grund wurden wir bei den M&amp;M Global Awards 2020 als \u201eNetzwerk des Jahres\u201c, bei den Campaign Awards 2020 als \u201eEMEA-Netzwerk des Jahres\u201c und bei den Cannes Lions 2020\/21 als \u201eNetzwerk des Festivals\u201c ausgezeichnet.<\/p>\n<p>Tats\u00e4chlich ist PHD Media eine der vier am h\u00e4ufigsten ausgezeichneten Medienagenturen der Welt (2020 WARC Media 100).<\/p>\n<p>Lernen Sie unsere <a href=\"https:\/\/www.phdmedia.com\/spain\/servicios\/\">Leistungen kennen<\/a>. Entdecken Sie unsere <a href=\"https:\/\/www.phdmedia.com\/spain\/nuestro-trabajo\/\">besten Arbeiten<\/a>.<\/p>\n<p>Folgen Sie uns auf <a href=\"https:\/\/www.linkedin.com\/company\/phd-media-spain\/\" target=\"_blank\" rel=\"noopener\">LinkedIn<\/a>, <a href=\"https:\/\/twitter.com\/PHDSpain\" target=\"_blank\" rel=\"noopener\">Twitter<\/a>, <a href=\"https:\/\/www.facebook.com\/PHDMediaSpain\" target=\"_blank\" rel=\"noopener\">Facebook<\/a>, <a href=\"https:\/\/www.instagram.com\/phdmediaspain\/\" target=\"_blank\" rel=\"noopener\">Instagram<\/a> und <a href=\"https:\/\/www.youtube.com\/channel\/UCNYTOM6G3uvUaBQIjDdZjsA\" target=\"_blank\" rel=\"noopener\">YouTube<\/a>.<\/p>\n<p>&nbsp;<\/p>\n","protected":false},"excerpt":{"rendered":"<p>PHD Media ist eine Medienagentur der Omnicom Media Group. 1990 in London gegr\u00fcndet. PHD Media wurde als herausfordernde Medienagentur geboren, die den Grundstein f\u00fcr die sogenannten \u201ekreativen Medien\u201c legte. Heute sind wir ein weltweit f\u00fchrendes Unternehmen mit mehr als 6.500 Mitarbeitern weltweit und 100 Niederlassungen in 74 L\u00e4ndern. Unsere Kultur basiert auf strategischer F\u00fchrung, Kreativit\u00e4t [&hellip;]<\/p>\n","protected":false},"author":1,"featured_media":25558,"parent":0,"menu_order":80,"comment_status":"closed","ping_status":"closed","template":"","meta":{"_acf_changed":false,"inline_featured_image":false,"footnotes":""},"class_list":["post-26995","page","type-page","status-publish","has-post-thumbnail","hentry"],"acf":[],"_links":{"self":[{"href":"https:\/\/www.phdmedia.com\/spain\/wp-json\/wp\/v2\/pages\/26995","targetHints":{"allow":["GET"]}}],"collection":[{"href":"https:\/\/www.phdmedia.com\/spain\/wp-json\/wp\/v2\/pages"}],"about":[{"href":"https:\/\/www.phdmedia.com\/spain\/wp-json\/wp\/v2\/types\/page"}],"author":[{"embeddable":true,"href":"https:\/\/www.phdmedia.com\/spain\/wp-json\/wp\/v2\/users\/1"}],"replies":[{"embeddable":true,"href":"https:\/\/www.phdmedia.com\/spain\/wp-json\/wp\/v2\/comments?post=26995"}],"version-history":[{"count":0,"href":"https:\/\/www.phdmedia.com\/spain\/wp-json\/wp\/v2\/pages\/26995\/revisions"}],"wp:featuredmedia":[{"embeddable":true,"href":"https:\/\/www.phdmedia.com\/spain\/wp-json\/wp\/v2\/media\/25558"}],"wp:attachment":[{"href":"https:\/\/www.phdmedia.com\/spain\/wp-json\/wp\/v2\/media?parent=26995"}],"curies":[{"name":"wp","href":"https:\/\/api.w.org\/{rel}","templated":true}]}}